ase 3) to base 15
0
Convert 0 (base 2) to base 11.
0
Convert 50 (base 7) to base 15.
25
What is 47 (base 10) in base 8?
57
Convert 119 (base 14) to base 16.
db
What is -7 (base 15) in base 14?
-7
Convert 3 (base 15) to base 13.
3
Convert a (base 12) to base 16.
a
-a (base 15) to base 2
-1010
What is -10 (base 3) in base 10?
-3
-1 (base 16) to base 15
-1
Convert 5 (base 7) to base 5.
10
What is -4 (base 14) in base 3?
-11
What is -a (base 16) in base 11?
-a
What is -4 (base 10) in base 6?
-4
Convert -7 (base 10) to base 15.
-7
1 (base 2) to base 12
1
-2 (base 14) to base 9
-2
What is 10 (base 2) in base 15?
2
Convert -23 (base 14) to base 2.
-11111
Convert -96 (base 12) to base 11.
-a4
-36 (base 11) to base 16
-27
Convert 145 (base 7) to base 5.
312
What is 7 (base 12) in base 9?
7
What is 24 (base 16) in base 9?
40
-211 (base 5) to base 13
-44
What is 8 (base 15) in base 2?
1000
Convert -5 (base 11) to base 6.
-5
-65 (base 8) to base 14
-3b
What is 14 (base 12) in base 15?
11
What is 235 (base 8) in base 13?
c1
What is -12 (base 5) in base 2?
-111
-46 (base 16) to base 13
-55
Convert -a (base 16) to base 11.
-a
What is 1 (base 3) in base 7?
1
Convert -212 (base 6) to base 3.
-2222
What is -155 (base 6) in base 8?
-107
What is 120 (base 14) in base 5?
1344
What is 0 (base 10) in base 5?
0
10 (base 4) to base 6
4
What is 171 (base 9) in base 7?
265
Convert -21000 (base 3) to base 4.
-2331
What is 0 (base 11) in base 10?
0
What is ac (base 13) in base 3?
12021
-6 (base 16) to base 13
-6
What is -1041 (base 5) in base 7?
-266
What is 193 (base 10) in base 3?
21011
What is -11 (base 6) in base 2?
-111
Convert 35 (base 15) to base 9.
55
What is 102 (base 5) in base 3?
1000
-1 (base 7) to base 11
-1
Convert 10 (base 2) to base 11.
2
-3 (base 16) to base 3
-10
What is -10f (base 16) in base 6?
-1131
What is 0 (base 14) in base 5?
0
8 (base 13) to base 2
1000
What is 1 (base 10) in base 2?
1
What is 6 (base 14) in base 8?
6
Convert -108 (base 9) to base 12.
-75
515 (base 6) to base 2
10111111
What is -23 (base 5) in base 6?
-21
-1011000 (base 2) to base 10
-88
What is -6 (base 10) in base 7?
-6
166 (base 10) to base 6
434
Convert 20 (base 12) to base 14.
1a
Convert -13 (base 4) to base 3.
-21
Convert -2 (base 3) to base 8.
-2
Convert 2 (base 10) to base 8.
2
Convert -220 (base 3) to base 14.
-1a
Convert 11111011 (base 2) to base 4.
3323
What is 101100000 (base 2) in base 14?
1b2
Convert a5 (base 16) to base 5.
1130
57 (base 12) to base 16
43
Convert -21 (base 9) to base 15.
-14
What is 4 (base 10) in base 7?
4
Convert 0 (base 16) to base 2.
0
Convert -1 (base 16) to base 5.
-1
Convert -9 (base 15) to base 8.
-11
-1 (base 14) to base 12
-1
0 (base 14) to base 16
0
Convert 4 (base 11) to base 10.
4
What is 1 (base 10) in base 7?
1
Convert 3 (base 11) to base 13.
3
Convert 566 (base 7) to base 3.
101212
-11 (base 3) to base 13
-4
What is -19 (base 14) in base 4?
-113
What is 1003 (base 7) in base 6?
1334
What is -68 (base 10) in base 2?
-1000100
Convert -30 (base 4) to base 15.
-c
What is -24 (base 15) in base 4?
-202
10 (base 4) to base 10
4
-2022 (base 4) to base 16
-8a
6 (base 13) to base 16
6
Convert -4 (base 6) to base 12.
-4
What is 2 (base 15) in base 10?
2
Convert 2 (base 13) to base 3.
2
Convert 8 (base 14) to base 13.
8
What is 2 (base 6) in base 14?
2
What is -45 (base 15) in base 5?
-230
-1 (base 8) to base 10
-1
-11 (base 14) to base 4
-33
Convert 3 (base 10) to base 11.
3
-1c (base 15) to base 16
-1b
Convert -101 (base 8) to base 15.
-45
11 (base 12) to base 2
1101
Convert 50 (base 8) to base 14.
2c
Convert 3 (base 14) to base 11.
3
6e (base 15) to base 10
104
-2 (base 16) to base 12
-2
12 (base 6) to base 3
22
4 (base 11) to base 12
4
What is -a1 (base 11) in base 5?
-421
3a (base 14) to base 13
40
What is -14 (base 5) in base 8?
-11
-7 (base 13) to base 15
-7
Convert 4 (base 7) to base 5.
4
Convert 2 (base 5) to base 8.
2
-2 (base 8) to base 11
-2
Convert -6 (base 14) to base 5.
-11
Convert -36 (base 13) to base 16.
-2d
What is -46 (base 15) in base 11?
-60
What is -3 (base 13) in base 7?
-3
What is -3 (base 14) in base 11?
-3
-3 (base 6) to base 7
-3
19 (base 16) to base 14
1b
What is 51 (base 6) in base 7?
43
What is -25 (base 7) in base 5?
-34
Convert 7 (base 10) to base 11.
7
0 (base 16) to base 3
0
What is 2 (base 5) in base 14?
2
Convert -1 (base 5) to base 13.
-1
Convert -b (base 15) to base 16.
-b
-3 (base 9) to base 10
-3
What is -236 (base 9) in base 10?
-195
Convert -236 (base 7) to base 6.
-325
What is -53 (base 11) in base 16?
-3a
Convert 0 (base 2) to base 9.
0
What is -321 (base 4) in base 11?
-52
What is -1 (base 8) in base 11?
-1
Convert -326 (base 7) to base 13.
-cb
21 (base 10) to base 9
23
44 (base 9) to base 3
1111
Convert 12 (base 12) to base 3.
112
What is -29 (base 16) in base 5?
-131
What is 151 (base 7) in base 10?
85
10 (base 6) to base 3
20
Convert -24 (base 10) to base 3.
-220
Convert -1221 (base 3) to base 5.
-202
156 (base 13) to base 9
286
What is 35 (base 8) in base 9?
32
11 (base 3) to base 10
4
Convert 100101 (base 2) to base 14.
29
Convert -56 (base 13) to base 2.
-1000111
Convert 111010 (base 2) to base 7.
112
-11 (base 5) to base 14
-6
What is 46 (base 16) in base 7?
130
3 (base 16) to base 10
3
-2002 (base 3) to base 6
-132
-13 (base 7) to base 3
-101
201 (base 7) to base 14
71
What is 10 (base 4) in base 13?
4
-3 (base 10) to base 5
-3
-1111 (base 3) to base 8
-50
What is 23 (base 7) in base 8?
21
Convert 10 (base 3) to base 13.
3
Convert 3 (base 11) to base 16.
3
Convert 7b (base 12) to base 6.
235
-6 (base 15) to base 8
-6
Convert -2c (base 14) to base 10.
-40
What is -2 (base 13) in base 9?
-2
Convert 31 (base 15) to base 3.
1201
19 (base 14) to base 8
27
Convert -50 (base 6) to base 15.
-20
What is 2 (base 6) in base 12?
2
Convert -17 (base 9) to base 3.
-121
-100 (base 3) to base 2
-1001
Convert 2 (base 6) to base 16.
2
What is -11 (base 9) in base 14?
-a
Convert -2 (base 5) to base 7.
-2
-12 (base 4) to base 12
-6
Convert -10 (base 7) to base 12.
-7
Convert 19 (base 12) to base 9.
23
Convert -48 (base 11) to base 16.
-34
What is -287 (base 9) in base 16?
-f1
Convert -c (base 13) to base 11.
-11
-1 (base 13) to base 8
-1
What is -145 (base 7) in base 4?
-1102
What is 21 (base 15) in base 2?
11111
What is 6d (base 14) in base 11?
89
What is 111 (base 2) in base 12?
7
-2 (base 14) to base 2
-10
What is -11111001 (base 2) in base 9?
-306
What is 4 (base 11) in base 15?
4
Convert a8 (base 13) to base 2.
10001010
Convert -5f (base 16) to base 6.
-235
Convert -2 (base 8) to base 14.
-2
-1 (base 3) to base 7
-1
Convert -32 (base 7) to base 15.
-18
What is 200 (base 3) in base 8?
22
What is 28 (base 12) in base 13?
26
66 (base 13) to base 3
10010
Convert -3e (base 16) to base 10.
-62
What is -5 (base 14) in base 3?
-12
-2c (base 13) to base 7
-53
Convert -10 (base 4) to base 6.
-4
What is -4 (base 12) in base 15?
-4
What is 0 (base 7) in base 6?
0
Convert 3 (base 9) to base 3.
10
What is 11 (base 5) in base 9?
6
What is 256 (base 10) in base 11?
213
Convert 10 (base 14) to base 16.
e
What is -1011 (base 3) in base 14?
-23
142 (base 7) to base 11
72
Convert -2 (base 15) to base 7.
-2
What is 60 (base 9) in base 6?
130
103 (base 7) to base 5
202
11122 (base 3) to base 15
85
What is 0 (base 5) in base 4?
0
What is 47 (base 10) in base 2?
101111
What is 3 (base 14) in base 7?
3
-33 (base 4) to base 13
-12
Convert -1012 (base 3) to base 7.
-44
Convert 33 (base 9) to base 12.
26
What is -23 (base 12) in base 10?
-27
What is 110 (base 12) in base 5?
1111
-23 (base 6) to base 12
-13
Convert 210 (base 3) to base 10.
21
What is 421 (base 6) in base 9?
184
0 (base 6) to base 2
0
What is -31 (base 6) in base 7?
-25
Convert 11 (base 3) to base 9.
4
Convert 0 (base 4) to base 5.
0
Convert 121 (base 3) to base 16.
10
Convert -151 (base 8) to base 9.
-126
What is -102 (base 7) in base 15?
-36
1 (base 12) to base 14
1
What is -15 (base 11) in base 9?
-17
Convert -2 (base 10) to base 8.
-2
-11011 (base 2) to base 8
-33
151 (base 6) to base 4
1003
Convert 38 (base 12) to base 16.
2c
What is -2 (base 4) in base 3?
-2
121 (base 3) to base 11
15
-26 (base 9) to base 8
-30
Convert -101010011 (base 2) to base 3.
-110120
W